-1)/i. Let g = 27 - r. What is the units digit of g?
0
Let u = -11 - -15. What is the units digit of (u/(-5))/(2/(-10))?
4
What is the tens digit of (-448)/6*36/(-12)?
2
Suppose k + 5*k = 798. What is the tens digit of k?
3
Suppose -2*l + l + 4 = 0. Suppose -g + 2*j = -18, l*g - 4*j = -j + 47. What is the units digit of 28/g - 1/2?
3
Suppose 5*w - 37 = -7. Suppose 0 = w*f - f + 2*p - 135, 0 = 5*f - 2*p - 135. What is the units digit of f?
7
Suppose 0 = 2*i + 1 + 11. Let x(w) = -1 + 6*w**2 - 11 + 3 - 2*w + w**3. What is the units digit of x(i)?
3
Let o(x) = 5*x**2 + 5*x - 12. What is the units digit of o(6)?
8
What is the tens digit of 39/(1 + -3 - -3)?
3
Suppose -7*b + 6*b = -3*i + 151, -b = i - 53. What is the units digit of i?
1
Suppose -5*w + 46 + 159 = 0. What is the tens digit of w?
4
Let u(d) be the third derivative of d**6/120 + d**5/10 + d**4/12 - d**3 - d**2. Let x = -4 + -1. What is the units digit of u(x)?
9
Let p be 10/2 + (2 - 2). Let u = -8 + 13. Let h = p + u. What is the units digit of h?
0
Suppose -k + 50 = -3*k. What is the units digit of (-12)/15*1*k?
0
Let d = -6 + 6. Let k(i) = -1 + 2 + i + 2. What is the units digit of k(d)?
3
Let k(z) = z**2 - 13*z + 12. What is the tens digit of k(15)?
4
Suppose -50*j = -46*j - 564. What is the hundreds digit of j?
1
Let l(p) = 11*p - 1. Let i be l(-4). Let b = -27 - i. What is the units digit of b?
8
Let v(f) = f**2 - 14*f - 33. What is the tens digit of v(-12)?
7
Suppose -v + 10 = 8. Suppose 0*q = 3*x - 3*q - 54, 0 = 5*x - v*q - 90. What is the units digit of x?
8
Suppose -2*o - o + 51 = 0. Let g be 114/(-10) + (-4)/(-10). Let a = o + g. What is the units digit of a?
6
Let n be ((-32)/(-6))/((-2)/21). Let x = n - -79. What is the tens digit of x?
2
Suppose -4*x - 3*h = 567, -425 = 3*x - 0*x + 2*h. What is the units digit of x/(-27) + 2/(-9)?
5
Let n = 5 - 2. Suppose -u - 14 = -n*k, -2*k + 0*k = 4*u. Suppose 25 = k*h + 1. What is the units digit of h?
6
Suppose w + 4 = 3*w + 3*g, 4*w + 5*g = 8. Let l be w - (1 - 150/3). Suppose l = 3*u - 3*z, 2*z = 5*u - 48 - 25. What is the tens digit of u?
1
Suppose a = -2*g - 1, 7*a + 5 = 2*a. Suppose 86 = 5*o + 3*n - 89, g = -o + 4*n + 58. What is the units digit of o?
8
Let k = 8 - 4. Suppose 5*n - 23 = k*n. What is the units digit of n?
3
Suppose 0 = 37*y - 40*y + 237. What is the units digit of y?
9
Let c(s) = -11*s - 1. Let d be c(-1). Let b(o) = 4*o - o - 2*o + 8. What is the tens digit of b(d)?
1
Suppose -f + 13 = -4*k, -f - k + 39 = 2*f. What is the tens digit of (3 + f)/((-8)/(-12))?
2
Let r(x) = 4*x**2 + 3*x - 8. What is the hundreds digit of r(-6)?
1
Let z(x) = -x**2 + 12*x - 9. Let u be z(11). Suppose -u*m = p - 14 + 5, -3*p + m + 55 = 0. What is the units digit of p?
7
Let c = -3 + 7. Suppose c*f + f = 145. What is the tens digit of f?
2
Let k be -5 + -2 + 1 + 1. What is the tens digit of 6 + k + (-56)/(-2)?
2
Suppose -5*j = -3*y + 34, 5*j - 2*j + 5*y = -34. Let r be ((-1)/2)/((-2)/j). What is the units digit of -2*(3/(-2) + r)?
7
Let n be (16 + 2)/(-2 + 3). Suppose -3*m - 3*g = n, m = -3*m - 2*g - 18. What is the units digit of (m - 0)*(-8)/3?
8
Let i(d) = 4*d**2 - 3*d - 2. Let z be i(-2). Suppose -4*q = -56 + z. What is the units digit of q?
9
Let m = -1 + 3. Suppose 3*d - 27 = 2*r + 3*r, d + 2 = -m*r. Suppose -2*c - d = -v - 3*c, 0 = 5*v + 4*c - 23. What is the units digit of v?
7
Let l = -8 + 7. What is the units digit of 1/(l - (-12)/9)?
3
Let t(a) = -1 + 2*a + 2*a**2 + 4*a**2 - a. Let p be t(3). Suppose -5*z - 3*x = -p, -12 = -z - x - 0*x. What is the units digit of z?
0
Let q be -2*9/(-6) - 2. Let u(k) = 10*k**2 + k - 1. What is the tens digit of u(q)?
1
Let r(i) = i**2 - 25*i + 51. What is the units digit of r(23)?
5
Suppose 0 = -0*a - 2*a + 4*c - 22, 0 = 4*a - 2*c + 20. Let s = 6 + a. Suppose s*z = -5*g, -g + 19 = 5*z + g. What is the units digit of z?
5
What is the tens digit of (-246)/(-8) - (-12)/48?
3
Let k = 42 - 9. What is the units digit of k?
3
What is the units digit of 37/4 + 2/(-8)?
9
Let q be -6 - (2/(-1) - -1). Let k be (-4)/q*(-5)/(-2). Suppose 0 = k*i - 5*i + 24. What is the units digit of i?
8
Let q(p) be the second derivative of 2*p**5/5 - p**4/12 + 5*p. What is the units digit of q(1)?
7
Let c = -7 + -4. Let m = 0 - c. Suppose 3*u - 32 = -5*q + m, u = 2*q - 26. What is the units digit of q?
1
What is the units digit of (-160)/96 - (-8)/3?
1
What is the tens digit of 2*(-4)/(-6)*18?
2
Let p be 6/21 - (-222)/7. Let q = p + -11. Suppose 4*x - 14 = -3*m - x, -q = -2*m - x. What is the units digit of m?
3
What is the tens digit of 6/(-27) + (-2816)/(-36)?
7
Suppose 0 = w + 2*w - 9. Let l = 5 - w. What is the units digit of -4*2*(l - 3)?
8
Suppose -10*b + 2070 + 2360 = 0. What is the tens digit of b?
4
Suppose 3*j - 6 = j. What is the units digit of j?
3
Let k = -118 - -216. What is the units digit of k?
8
Let i be 39*(0 + (-4)/(-6)). Suppose -10 = -2*n, 4*z - z - i = 2*n. What is the units digit of z?
2
Suppose 38*u - 2604 = 24*u. What is the units digit of u?
6
Suppose o = 17 + 6. Suppose 2*i = -7 + o. What is the units digit of i?
8
Let n = 22 + -69. What is the units digit of 4 - ((-4 - -8) + n)?
7
Let w(q) = -8*q + 3. Let x(k) = -24*k + 10. Let y(h) = -10*w(h) + 3*x(h). What is the tens digit of y(2)?
1
Suppose 5*i = 0, -4*w = -2*w - 5*i - 2. What is the units digit of (1 - 2)/(w/(-23))?
3
What is the units digit of (-84)/(-2) - (-1)/((-1)/(-2))?
4
What is the units digit of (-10 - -6)*508/(-32)*2?
7
Let t(w) = 3*w**2 - w + 5. What is the tens digit of t(-4)?
5
Let f(z) = z**2 + 3*z - 5. Let b be f(-5). Suppose 2*c - 31 = -b*n, 3*c - 39 - 1 = -n. What is the units digit of c?
3
Suppose 0 = -4*q + 5*q. Let m = 0 + q. Suppose m = -4*d, 7*d + 4 = 2*g + 4*d. What is the units digit of g?
2
Let o be (-724)/(-20) + (-1)/5. Suppose -9*g + o = -8*g. What is the tens digit of g?
3
Let x be (-4)/12 + 26/6. Let u(s) = -3 + 12*s**3 - 1 - 11*s**3 + x*s**2. What is the units digit of u(-3)?
5
Let x = -210 + 400. What is the hundreds digit of x?
1
Let l = -1 - -3. Suppose -d - 77 = -l*s - 4*d, 0 = -4*d + 20. Suppose -2*q + 4*k = 3*q + 5, s = 2*q + 5*k. What is the units digit of q?
3
Let y = 4 - -4. Let p = y - 6. What is the units digit of p?
2
Let l(y) = -y**3 - 9*y**2 - 6*y - 12. Let f be l(-8). Let a = -19 - f. What is the units digit of a?
9
Let j = -3 + 6. Suppose j*x + 2*v = 24, 0*x - 19 = -x + 3*v. What is the units digit of x?
0
Suppose -15 = -o - 4*o. Let d(p) = -p**3 + 3*p**2 - 2*p - 3. Let q be d(o). Let g = 17 + q. What is the units digit of g?
8
What is the units digit of 2/(-9) + (-22)/(-18)?
1
Suppose 2*z - 5*y = 27, 4*z + 0*z = -4*y + 12. What is the units digit of z?
6
Suppose 4*u + 36 = -84. What is the units digit of 3/(15/(-2))*u?
2
Let w(o) = -o**3 - 5*o**2 - 3*o + 3. Let c be w(-4). Let z(q) = -7*q**3 - q - 1. What is the units digit of z(c)?
7
Let d be (-6)/27 - 58/(-18). Suppose -d*j = -6*j + 36. What is the tens digit of j?
1
Let d = -58 - -88. What is the tens digit of d?
3
Let g(y) = -2*y. Let v be g(-7). Let c = -3 + v. What is the tens digit of c?
1
Let s be (30/18)/(1/27). Suppose -r = 4*r - s. What is the units digit of r?
9
Let q(x) = -x**2 + 27*x - 21. What is the units digit of q(18)?
1
Let f(l) = -l**2 - 2*l + 2. Let r be f(-2). Let k(n) = n**2 + n - 1. Let t be k(1). Let y = r - t. What is the units digit of y?
1
Let n = -15 + 5. Let p = 3 + -21. Let l = n - p. What is the units digit of l?
8
Let f(h) = -18*h + 5. What is the tens digit of f(-4)?
7
Let j(c) = 2*c**2 - 2*c + 5*c**2 + 0*c**2 - 28 + c**3 + 23. Suppose 3*o = -0*o - 21. What is the units digit of j(o)?
9
What is the units digit of (-4)/(-6) + (-906)/(-18)?
1
Let z be (0 + (5 - 2))/(-1). What is the units digit of 6 + 2 + (-2 - z)?
9
Suppose 0*h = -2*h + 10. Suppose 3*r - 73 = -h*d + d, -5*d + 99 = -4*r. What is the units digit of d?
9
Suppose 8 = -d + 5*d. Let y = 41 - 33. What is the units digit of d/4*2*y?
8
Let h(d) = -31*d**2 + 4 + 16*d**2 + 6 - 2 + d**3. What is the units digit of h(15)?
8
Suppose -80 - 10 = -5*s. Suppose s = x - 20. Let z = -26 + x. What is the tens digit of z?
1
Let v = 20 + 109. What is the hundreds digit of v?
1
Let b(d) = 2*d**2 + 8*d + 7. Let c be b(-4). Let l(k) = -2*k + 5*k + 1 - 2*k. What is 